hundreds digit of 11375?
3
What is the thousands digit of 3981?
3
What is the hundreds digit of 154461?
4
What is the units digit of 25104?
4
What is the ten thousands digit of 122896?
2
What is the thousands digit of 6167?
6
What is the tens digit of 35335?
3
What is the hundreds digit of 4374?
3
What is the hundreds digit of 6946?
9
What is the tens digit of 8812?
1
What is the tens digit of 50977?
7
What is the tens digit of 27427?
2
What is the tens digit of 20040?
4
What is the ten thousands digit of 12208?
1
What is the thousands digit of 1050?
1
What is the hundreds digit of 174897?
8
What is the hundreds digit of 2836?
8
What is the tens digit of 7957?
5
What is the hundred thousands digit of 123188?
1
What is the thousands digit of 6505?
6
What is the ten thousands digit of 21275?
2
What is the units digit of 653?
3
What is the hundreds digit of 70376?
3
What is the thousands digit of 6104?
6
What is the units digit of 5583?
3
What is the hundreds digit of 155?
1
What is the thousands digit of 2073?
2
What is the ten thousands digit of 51294?
5
What is the hundreds digit of 12511?
5
What is the tens digit of 23186?
8
What is the tens digit of 3089?
8
What is the units digit of 49195?
5
What is the units digit of 3357?
7
What is the units digit of 2570?
0
What is the tens digit of 4533?
3
What is the hundreds digit of 1821?
8
What is the hundreds digit of 7283?
2
What is the thousands digit of 7689?
7
What is the thousands digit of 1613?
1
What is the tens digit of 1732?
3
What is the hundreds digit of 31315?
3
What is the units digit of 32825?
5
What is the units digit of 670?
0
What is the ten thousands digit of 149287?
4
What is the hundreds digit of 20638?
6
What is the ten thousands digit of 20362?
2
What is the thousands digit of 29690?
9
What is the units digit of 22994?
4
What is the units digit of 4652?
2
What is the hundreds digit of 3796?
7
What is the ten thousands digit of 30820?
3
What is the tens digit of 43622?
2
What is the thousands digit of 29796?
9
What is the hundreds digit of 3953?
9
What is the thousands digit of 3309?
3
What is the thousands digit of 2895?
2
What is the hundreds digit of 5541?
5
What is the tens digit of 360?
6
What is the thousands digit of 44572?
4
What is the units digit of 721?
1
What is the tens digit of 1252?
5
What is the hundreds digit of 865?
8
What is the tens digit of 17781?
8
What is the tens digit of 256?
5
What is the units digit of 2559?
9
What is the hundreds digit of 637?
6
What is the units digit of 155?
5
What is the tens digit of 3448?
4
What is the units digit of 719?
9
What is the tens digit of 609?
0
What is the tens digit of 900?
0
What is the ten thousands digit of 16158?
1
What is the tens digit of 437?
3
What is the ten thousands digit of 19752?
1
What is the units digit of 6045?
5
What is the units digit of 472?
2
What is the hundreds digit of 646?
6
What is the hundreds digit of 1519?
5
What is the thousands digit of 1280?
1
What is the units digit of 205?
5
What is the hundreds digit of 3606?
6
What is the hundreds digit of 13281?
2
What is the hundreds digit of 13758?
7
What is the units digit of 12777?
7
What is the hundreds digit of 8249?
2
What is the hundreds digit of 19387?
3
What is the hundreds digit of 37645?
6
What is the ten thousands digit of 10174?
1
What is the ten thousands digit of 136212?
3
What is the hundreds digit of 218?
2
What is the hundred thousands digit of 117084?
1
What is the tens digit of 2102?
0
What is the units digit of 18106?
6
What is the units digit of 754?
4
What is the tens digit of 449?
4
What is the thousands digit of 1054?
1
What is the hundreds digit of 1051?
0
What is the units digit of 3182?
2
What is the tens digit of 7348?
4
What is the hundreds digit of 8476?
4
What is the hundreds digit of 12920?
9
What is the ten thousands digit of 18580?
1
What is the thousands digit of 4784?
4
What is the units digit of 22238?
8
What is the units digit of 4310?
0
What is the hundreds digit of 96647?
6
What is the hundreds digit of 10095?
0
What is the units digit of 7640?
0
What is the thousands digit of 30568?
0
What is the units digit of 1988?
8
What is the hundreds digit of 20548?
5
What is the units digit of 80004?
4
What is the tens digit of 1644?
4
What is the tens digit of 792?
9
What is the tens digit of 3615?
1
What is the hundred thousands digit of 152683?
1
What is the tens digit of 678?
7
What is the thousands digit of 11265?
1
What is the hundreds digit of 19578?
5
What is the tens digit of 4623?
2
What is the units digit of 48453?
3
What is the units digit of 10521?
1
What is the units digit of 507?
7
What is the hundreds digit of 185?
1
What is the hundreds digit of 6611?
6
What is the ten thousands digit of 29237?
2
What is the tens digit of 11168?
6
What is the tens digit of 3171?
7
What is the units digit of 58258?
8
What is the ten thousands digit of 34592?
3
What is the hundreds digit of 1334?
3
What is the ten thousands digit of 210235?
1
What is the thousands digit of 4117?
4
What is the hundreds digit of 8894?
8
What is the ten thousands digit of 13809?
1
What is the thousands digit of 18464?
8
What is the units digit of 818?
8
What is the tens digit of 306?
0
What is the hundreds digit of 64754?
7
What is the tens digit of 2000?
0
What is the tens digit of 110?
1
What is the hundreds digit of 308?
3
What is the hundreds digit of 30296?
2
What is the hundreds digit of 1343?
3
What is the thousands digit of 19675?
9
What is the hundreds digit of 472?
4
What is the hundreds digit of 295?
2
What is the thousands digit of 3473?
3
What is the units digit of 26005?
5
What is the tens digit of 3379?
7
What is the units digit of 2721?
1
What is the thousands digit of 21455?
1
What is the units digit of 2576?
6
What is the thousands digit of 1449?
1
What is the tens digit of 70510?
1
What is the hundreds digit of 3511?
5
What is the units digit of 9989?
9
What is the units digit of 16229?
9
What is the thousands digit of 2103?
2
What is the hundreds digit of 1456?
4
What is the units digit of 3623?
3
What is the hundreds digit of 500?
5
What is the hundreds digit of 271?
2
What is the tens digit of 7463?
6
What is the thousands digit of 3818?
3
What is the tens digit of 288?
8
What is the tens digit of 8002?
0
What is the units digit of 22704?
4
What is the thousands digit of 2897?
2
What is the units digit of 435?
5
What is the hundreds digit of 568?
5
What is the hundreds digit of 550?
5
What is the units digit of 17853?
3
What is the hundreds digit of 10123?
1
What is the ten thousands digit of 47036?
4
What is the tens digit of 513?
1
What is the thousands digit of 9220?
9
What is the tens digit of 2066?
6
What is the tens digit of 10532?
3
What is the units digit of 2091?
1
What is the thousands digit of 2332?
2
What is the units digit of 1972?
2
What is the tens digit of 178?
7
What is the hundreds digit of 58676?
6
What is the hundreds digit of 72243?
2
What is the tens digit of 9141?
4
What is the hundred thousands digit of 142168?
1
What is the units digit of 1881?
1
What is the tens digit of 1015?
1
What is the tens digit of 4049?
4
What is the tens digit of 1568?
6
What is the units digit of 5684?
4
What is the tens digit of 771?
7
What is the units digit of 6049?
9
What is the units digit of 8248?
8
What is the thousands digit of 8607?
8
What is the thousands digit of 17121?
7
What is the tens digit of 23308?
0
What is the ten thousands digit of 88123?
8
What is the units digit of 558?
8
What is the thousands digit of 19785?
9
What is the units digit of 853?
3
What is the hundreds digit of 192555?
5
What is the thousands digit of 2007?
2
What is the hundreds digit of 1013?
0
What is the hundreds digit of 960?
9
What is the thousands digit of 34594?
4
What is the units digit of 25802?
2
What is the tens digit of 10994?
9
What is the tens digit of 127676?
7
What is the tens digit of 1599?
9
What is the hundreds digit of 157?
1
What is the hundreds digit of 690?
6
What is the tens digit of 66357?
5
What is the tens digit of 2828?
2
What is the units digit of 64443?
3
What is the tens digit of 465?
6
What is the thousands digit of 3227?
3
What is the hundreds digit of 2098?
0
What is the hundreds digit of 2